Let c be s(7). Give r(c).
5
Let w(g) = g**2 + 4*g + 1. Let k be (-1)/((1/(-71))/(-1)). Let i = k - -68. Calculate w(i).
-2
Let p = 13 + -11. Suppose -5*u + 28 = -f, -p*f + 0*u + u - 11 = 0. Let d(q) = q**3 + 3*q**2 - 3*q - 2. Determine d(f).
7
Let n(s) = -s**3 + s + 65. Suppose 0 = 15*l - 14 + 14. Determine n(l).
65
Suppose 0*c + 3*c - 9 = 0. Let h(s) = -2*s + 25 + 0*s - 23 + c*s. Calculate h(-5).
-3
Let x(y) = y**2 + y + 4. Let s(j) = 7*j**2 + 11*j + 17. Let w(q) = s(q) - 6*x(q). Calculate w(-7).
7
Let u(d) = -5*d**2 + d. Let c(v) = -14*v**2 + 2*v. Let a(h) = 4*c(h) - 11*u(h). Give a(-4).
-4
Let a(p) = -3. Suppose 0 = 3*q + 8*q - 22. Let r(w) = -w - 2. Let c(u) = q*a(u) - 3*r(u). Calculate c(-2).
-6
Let a(f) be the second derivative of f**4/6 - f**3/6 - 2*f**2 - 170*f - 1. Give a(5).
41
Let q(p) = 5*p + 3. Let x = 294 - 296. Calculate q(x).
-7
Let v(x) = -4*x + 3. Let l(s) = 3*s - 2. Let w(c) = -3*l(c) - 2*v(c). Suppose 2*a - 8 = 2*q + 16, 3*q + 12 = 0. Suppose t = -3*t + a. Determine w(t).
-2
Let l be (6/(-5))/((-6)/(-30)). Let x(g) = -g**2 - 7*g - 1. Let z be x(l). Let n(h) = -14 + 3 + 5 + 4 + h. What is n(z)?
3
Let q(v) = v + 1. Let w be q(8). Suppose 0 = 5*g - w*g + 28. Let y(z) = -z + 14. Determine y(g).
7
Let r = -214 + 204. Let m(z) = -z**3 - 11*z**2 - 10*z - 6. Calculate m(r).
-6
Let p(o) = -o**3 + 5*o**2 - 4*o + 1. Suppose -654 + 630 = -8*j. Calculate p(j).
7
Suppose -13*a = -3*a - 20. Let j(y) = -y**2 - y**3 - 3*y - 3 - 4*y + 9*y**a + y. Give j(7).
4
Let n be (-1806)/(-2520) - 2*(-2)/(-30). Let w(t) be the second derivative of 1/20*t**5 + 5/6*t**3 + n*t**4 - 7*t + 5/2*t**2 + 0. Give w(-6).
11
Let s be 7/1 - ((-144)/(-16) - 8). Let t(z) = -z**2 + 10*z - 18. Calculate t(s).
6
Let p(n) be the third derivative of n**4/3 + 5*n**3/2 + 2*n**2 + 147*n. Calculate p(-3).
-9
Let x(f) be the first derivative of -5*f**2/2 - 3*f + 25. Let b(y) = y. Let n(g) = 3*b(g) + x(g). Give n(-6).
9
Suppose -18 = p - 8. Let f be 3*(p/3 - -4). Let o(y) = 9*y + 2*y**2 + y**2 + 7 - f*y**2. Determine o(-7).
-7
Suppose s + 2 = 5*g, 0 = -3*g - g + 16. Let v be s/(-4)*4/3. Let l(m) = -m - 2. Let j(u) = -u - 2. Let f(t) = 5*j(t) - 8*l(t). Determine f(v).
-12
Let g(n) = -n. Let p(k) = 2*k - 18. Let t be p(7). What is g(t)?
4
Let l(k) = -k**2 + 6*k + 6. Let g(r) = 5*r**2 - r + 1. Suppose 0 = -0*y - 6*y + 24. Suppose 2 = -3*q + h, -21 - 8 = -y*q - 5*h. Let x be g(q). Calculate l(x).
11
Suppose 2*h + 4*i = -4, i = -2*h - 1 + 3. Let u(n) = 2*n - 2*n + 5 + 2*n**h - n**2 + 8*n. Suppose 5*s - 5*m = -45, -7 = -4*s - m - 28. Determine u(s).
-7
Let l(h) be the third derivative of h**4/4 - h**3/2 + 46*h**2. Calculate l(-3).
-21
Let c = -6 - -4. Let m(o) = -3*o - 3. Let q be m(c). Let x(i) = 0*i - q - 3*i + 2 - i. Calculate x(-3).
11
Let y(g) = -23*g - 14. Let o(d) = -8*d - 5. Let s(c) = 11*o(c) - 4*y(c). Give s(-8).
-31
Let p(x) be the third derivative of -x**7/720 + x**6/720 - x**5/5 - x**2. Let f(z) be the third derivative of p(z). Determine f(2).
-13
Let v be (-4)/3 + 1 - (-130)/39. Let a(j) = -j**3 + 2*j**2 + 8*j + 8. Let i(n) = 2*n**3 - 4*n**2 - 15*n - 15. Let h(z) = -11*a(z) - 6*i(z). Determine h(v).
-1
Let h = 193 - 134. Let v = -56 + h. Let j(t) = t**3 - 3*t**2 - 2*t + 2. What is j(v)?
-4
Let g = 1250 + -1246. Let s(x) = 2*x**2 - 10*x + 5. Give s(g).
-3
Let o(f) = -f + 8. Let d be (-3 - -10)*3/((-15)/20). Let x = d - -28. Calculate o(x).
8
Suppose -z = -5*l + 3, 0*l + 4*l = 2*z + 6. Let r(b) = b**3 + b**2 - b + 2. Give r(l).
2
Let v(h) = 21 - 3*h - 87 + 21 + 25 + 22. What is v(3)?
-7
Suppose 20 = -5*o + 10. Let x(l) = -l**2 - 2*l + 4. Let v be x(o). Let j(t) be the second derivative of -t**3/3 + 3*t**2 + 2*t. What is j(v)?
-2
Let x(k) = -18*k**2 + 2*k + 1. Suppose a = 4*f + 9, -4*f - 14*a = -17*a + 19. Determine x(f).
-19
Let a(h) = -13*h - 38. Let t(p) = -19*p - 56. Let r(y) = -7*a(y) + 5*t(y). Calculate r(-5).
6
Suppose -68 + 16 = -4*f. Let c = f - 10. Suppose -4*x + 8 = -c*d, -2*x + 4*d + 9 = 3*x. Let p(r) = r**2 - 5*r - 5. Determine p(x).
-5
Let g(s) = 12*s + 1. Suppose 316 = 4*r + 100. Let i be (-6)/2 - (r/(-6) + 5). What is g(i)?
13
Let f(o) = -o**3 + 2*o**2 + 10*o - 5. Let s be f(4). Let t(p) be the third derivative of p**4/24 - p**3/6 - 4*p**2 - 2. Determine t(s).
2
Let q = 242 - 238. Let y(g) = -g**3 + 2*g**2 + g. What is y(q)?
-28
Let t(s) = 3*s**3 + 3*s**2 + s + 1. Let r be ((-6)/(-2) + 0)/(2/(-6)). Let n = -11 - r. Determine t(n).
-13
Let t be (-24)/(-21)*14/4. Suppose 0*q + 3*c = -2*q - 8, 20 = -5*c. Let s(m) = -t - 7*m - 2*m**q + 7*m + 3*m. Give s(3).
-13
Let u = 8 + 5. Let k(t) = 7*t**2 - 8*t + 11. Let y(m) = 24 - 167*m + 15*m**2 - 1 + 151*m. Let o(f) = u*k(f) - 6*y(f). What is o(6)?
-7
Let y(n) = -1269 + 1284 + n - 2*n**2 + 3*n**2. Determine y(0).
15
Let v(y) = 2*y - 10. Let b(h) = 1. Let l(n) = 10*b(n) + v(n). Let u be (3 - 0 - 8)/(2 - 3). Determine l(u).
10
Let w(g) = -g**2 + 2*g + 1. Let j(k) = 4*k**2 + 6*k + 3. Let u(o) = -j(o) - 3*w(o). What is u(-10)?
14
Let g(a) be the third derivative of -a**7/2520 + 7*a**6/720 - 7*a**5/120 - 23*a**4/24 + 18*a**2. Let h(f) be the second derivative of g(f). Determine h(5).
3
Let p(q) be the first derivative of -6*q**5/5 + q**4/6 - q**2/2 - 7*q + 33. Let x(a) be the first derivative of p(a). Give x(1).
-23
Let p(u) = -4 + 9*u - u**2 - 5*u**2 + 5*u**2 + 0 + 0*u**2. Determine p(9).
-4
Let s be -6*(-3 + 0) + -3. Let a be (s/3)/(-2 + 1). Let p(v) = 5*v - 7. Let m(y) = 3*y - 5. Let g(h) = 8*m(h) - 5*p(h). Calculate g(a).
0
Let h(j) = -j + 24. Let a be h(14). Let z(i) = -i**2 + 9*i + 6. Let k be z(a). Let x(d) = -d**3 - 4*d**2 - d + 4. Calculate x(k).
8
Let i(v) = v**3 - v - 2. Suppose -3*z = -14*z + 33. What is i(z)?
22
Let f be (-11)/((-132)/72) - (0 - -3). Let i(o) = -o**3 + 3*o**2 + 3. Give i(f).
3
Let z(f) = -f**2 + f + 12. Let y(x) = x**2 + 21*x - 270. Let d be y(-30). Determine z(d).
12
Let p(b) be the second derivative of b**5/20 - 3*b**4/4 - 11*b**3/6 + 5*b**2 - 6*b - 1. What is p(10)?
0
Let p(o) be the first derivative of 2*o**2 - o - 2. Suppose 9*l - 4*l - 2*u - 14 = 0, 4*u + 8 = 0. Give p(l).
7
Let d(y) = y**3 - 5*y**2 + 4*y - 17. Let a be d(5). Let x(z) be the third derivative of 0 + 0*z + 2*z**2 + 4/3*z**a - 1/24*z**4. Determine x(5).
3
Let g(a) = 335*a + 329*a - 681*a. Determine g(-3).
51
Let j(u) = u**2 - 8*u - 8. Suppose 11*a + 3*x - 34 = 7*a, 0 = 2*a + 3*x - 20. Determine j(a).
-15
Suppose -3*x + 27 = -2*a, -2*a + a - 3*x = 0. Let y = a + 6. Let h(t) be the first derivative of t**4/4 + 4*t**3/3 + 2*t**2 + 3*t - 4. Give h(y).
0
Let o(t) = -8*t**2 + 31 + t + 28 - 58. What is o(-1)?
-8
Let q(b) = -b**2 - b. Let s(u) = -6*u**2 - 10*u - 1. Let h(a) = 4*q(a) - s(a). What is h(-6)?
37
Suppose 2*x + x = 5*d + 22, 5*x - 15 = 4*d. Let p(r) = r**3 + 4*r**2 - 6*r - 4. What is p(d)?
1
Suppose 0*i + 2*u = i, -u + 5 = 0. Let d(k) = -7 - 2*k - 2 + 12 - i. Calculate d(-6).
5
Suppose -2*m = -10, -4*q + 40 = m + 27. Let t(a) be the first derivative of 8*a + 3 + 1/2*a**q. What is t(-6)?
2
Let b be 3 + 242/(-33) - (-2)/6. Let h(n) = -6*n - 6. Determine h(b).
18
Let l be (1/2)/(2 - (-34)/(-16)). Let m be 0*5/30*2/l. Let v(q) = -q**2 + 13. What is v(m)?
13
Let v be 3/(-1) - (-8)/(-8). Let d = -2 - v. Let a(s) = 2*s**3 - 3*s**2 + 4*s - 2. Give a(d).
10
Let z(k) = k**3 - k**2 - 1. Let s be 0 + 0 + 8 - 0. Let a = 3 - s. Let q be -3 + 6 + a + 0. Give z(q).
-13
Let j(s) = -s**3 + 12*s**2 - 26*s - 15. Let c be j(9). Let x(h) be the second derivative of h**5/20 + 7*h**4/12 + 2*h**3/3 + 3*h**2/2 - 3*h. What is x(c)?
15
Let c(b) = 4*b + 4*b**3 + b**2 - 3*b**3 + 4*b**2. Let r(n) = -6*n - 94. Let p be r(-15). Determine c(p).
0
Let f(u) = -3*u**2 - 30*u + 18. Let l(z) = -2*z**2 - 15*z + 9. Let b(g) = 3*f(g) - 5*l(g). Give b(16).
25
Let b(d) be the third derivative of -d**6/120 + d**5/10 - d**4/24 + d**3/2 + 575*d**2. Suppose 2*m = 6 + 6. Give b(m).
-3
Let x(o) = 23 - 8*o - 40 + 20. Suppose -a = -5*b + b + 10, 19 = 3*b + 5*a. What is x(b)?
-21
Let b(z) = -z**2 - 10*z - 9. Suppose -5*o - k = -0*k + 38, 3*k = -5*o - 34. Give b(o).
7
Let p = -21 - -21. Let d be 4 - (0 + (p - 1)). Let w(i) = i**2 - 4*i - 7. Give w(d).
-2
Let d(b) = b**3 - 3*b**2 + 2*b - 1. Let t(u) = u**3 - 2*u**2 + 4*u - 4. Let o be t(2). Suppose -v + 35 = 5*m + 4*v, o*